visor of 16 and t.
2
Let o be -1*(-4)/4 + -4. Let i(z) = -3*z + 7. Let t be i(o). What is the highest common factor of t and 176?
16
Let l(q) = -q + 4. Let p = -65 - -53. Let g be l(p). What is the highest common divisor of 8 and g?
8
Let v be ((-96)/(-72))/((-4)/(-378)). What is the highest common divisor of v and 84?
42
Suppose -3*m + 2526 = 5*x, 5*m - 2590 - 1598 = -x. Calculate the highest common divisor of m and 93.
93
Suppose 0 = r - 0*r - 60. Let w(j) = 2*j + 24. Let z be w(-11). Suppose 15 = z*l + l, -5*l + 121 = 4*p. What is the greatest common divisor of p and r?
12
Let l = 658 - 542. Calculate the highest common divisor of 58 and l.
58
Let q(j) = -12*j - 33. Let v be q(-16). What is the highest common divisor of 53 and v?
53
Let l(j) = -22*j + 8. Let s be l(-10). Let f = s + -134. Let n = f + -58. Calculate the greatest common factor of 12 and n.
12
Suppose -22*t = -30 - 498. Calculate the highest common divisor of 352 and t.
8
Suppose 0 = 4*n - a - 256, -a = n + 7 - 76. Calculate the highest common factor of 2 and n.
1
Suppose 2*u + 15 = 5*u. Suppose -120 = -24*l + 4*l. Suppose l + 9 = u*n. What is the highest common divisor of 3 and n?
3
Suppose -x + c = -60, -x = c - 55 - 15. Calculate the greatest common divisor of 169 and x.
13
Suppose -2*t = -t + 4. Let d be 0/3 + 0/t. Suppose d = -m - m + 18. Calculate the highest common factor of m and 63.
9
Let d(o) = -o**3 + 5*o**2 - o + 4. Let p be d(4). Let z = 15 - p. Let v be 1 + 132 + z + -4. Calculate the highest common factor of 16 and v.
16
Let y = 3316 + -791. What is the greatest common factor of 25 and y?
25
Suppose 27 = -y + 2*y. Let r(a) = -66*a - 1053. Let q be r(-16). Calculate the greatest common divisor of y and q.
3
Suppose 0*x + 18 = 3*x. Let s = x + -4. Suppose 0 = n + t - 17, -5*t + 76 = 5*n - 3*t. Calculate the greatest common factor of s and n.
2
Suppose 2*i - 11 - 5 = 0. Let o = -10491 + 10501. What is the highest common divisor of o and i?
2
Let z = -22 - -24. Suppose 384 = 3*j + 2*g, z*g = -4*j + 398 + 112. Calculate the greatest common divisor of 18 and j.
18
Let f be (-3)/4 - 165/20. Let b be (42/f)/(2/(-3)). Suppose -3*g = -b - 26. What is the greatest common factor of 99 and g?
11
Let w be ((-80)/(-5))/((-3)/(-93)). What is the highest common divisor of 31 and w?
31
Let c be 0 + (97 - (0 + 1)). Suppose 36*w - 73*w + 592 = 0. Calculate the highest common factor of w and c.
16
Suppose 7*w + 112 = 4*y + 3*w, -2*y - w = -62. Calculate the greatest common divisor of y and 30.
30
Suppose -5*p + 8 = -x + 3*x, 5*x + 2*p = 20. Let j = -10 + 10. Let y be (j - -14) + (-10)/5. Calculate the highest common factor of x and y.
4
Let a = 0 + 2. Suppose b = a + 33. Let t(p) = p**3 + 12*p**2 + 12*p + 16. Let u be t(-11). Calculate the highest common factor of u and b.
5
Suppose t - 6 = 38. Let v = t + -26. What is the greatest common divisor of 90 and v?
18
Let q be (1 + -1)/(1 + -2). Let j be 10 + -13 - (-18 - q). Let t be (-6)/j + (-606)/(-15). What is the highest common divisor of 16 and t?
8
Suppose 4*q - 72 = 10*s - 6*s, -2*q = 4*s + 102. Let h = s - -101. Suppose 2*w = 6*w - 208. What is the greatest common divisor of w and h?
26
Suppose c - 28 = -3*c. Suppose 134*a = -684 + 2560. Calculate the greatest common factor of a and c.
7
Let z be (1/(-3))/((-1)/63). Let m be 906*(-1 + (-4)/6). Let r be m/(-8) - 3/(-12). What is the highest common divisor of z and r?
21
Suppose -7 = 4*n + 5. Let z(f) = 2*f**2 + f - 3. Let l be z(n). Suppose 60 = 113*h - 112*h. Calculate the highest common divisor of l and h.
12
Suppose 4*d + 2*z - 16 = 0, d + z - 3 + 0 = 0. Let s = 2 - -3. Suppose 3*w + 3*q = -2*w + 113, -s*w + 121 = q. Calculate the highest common divisor of w and d.
5
Let l(y) = -1 + 7 - 2*y + 1. Let r be l(8). Let c = -1 - r. Calculate the greatest common divisor of 56 and c.
8
Suppose 0 = -7*z - 170 - 159. Let v = z + 99. What is the greatest common factor of 78 and v?
26
Let w(f) = f**3 - 17*f**2 - 35*f + 27. Let o be w(19). What is the greatest common factor of o and 28?
28
Suppose 5*r = -4*f + 447, 3*r = -f + r + 114. Calculate the greatest common factor of f and 156.
12
Let u be (-3900)/(-104)*8/1. Calculate the greatest common divisor of 12 and u.
12
Let s(d) = -31*d + 156. Let n be s(3). Calculate the highest common factor of n and 81.
9
Suppose -405 + 1945 = 7*q. What is the greatest common divisor of q and 8?
4
Let t(k) = k - 5. Let p be t(2). Let r be (504/40)/(p/(-10)). Let g be r/4*(-16)/(-12). What is the highest common factor of g and 14?
14
Let w be -1*(-1 + -6) - 5. Calculate the greatest common divisor of w and 2.
2
Let h be -2 - (-1 + 14 + 1). Let g(o) = -11*o**3 + o**2 + o + 1. Let b be g(-1). Let d be (b - 0)*(-52)/h. What is the highest common factor of 13 and d?
13
Let m be (((-20)/(-2))/5)/((-2)/(-3)). Suppose 5*q - 60 = -5*g, -4*q + 54 = -m*g + g. What is the highest common divisor of 117 and q?
13
Suppose z + 3*o = 48 - 3405, -3*o = 5*z + 16773. Let v be z/(-21) + (-2)/(-7). What is the greatest common factor of v and 20?
20
Let f(p) = -17*p**3 + 2*p**2 + 2*p. Let u be f(-2). What is the greatest common divisor of 308 and u?
28
Let j(k) = k**3 - 31*k**2 + 29*k + 58. Let g be j(30). Calculate the greatest common factor of g and 28.
28
Suppose 6 = -3*q, 5*n - 35 = -4*q - 13. Suppose -6 = -3*p + n. Suppose p*j - 5*t + 7 = 5*j, 0 = 3*t. Calculate the highest common factor of j and 77.
7
Let a = -19 - -32. Suppose -82 = 3*g + 2*k, -g - a + 4 = -3*k. Let s be (4/6)/(g/(-612)). What is the greatest common factor of 85 and s?
17
Suppose 0 = 18*l - 11*l - 231. Suppose 4*j + 5*r = 1, r = j - 6 - 1. Let z be j/8 - (-527)/2. What is the highest common factor of z and l?
33
Let f be (-6)/(-5)*(-60)/9. Let u(x) = -x**2 - 9*x - 4. Let z be u(f). Suppose -z*t = -48 - 0. What is the highest common factor of t and 4?
4
Let h = 6 - -4. Suppose 0 = 2*s - s. Suppose 212 = 3*w - 2*q, 3*w + 2*q - 3*q - 211 = s. What is the highest common divisor of h and w?
10
Let z(l) = 377*l**3 - 4*l**2 + 23*l - 20. Let a be z(1). What is the greatest common factor of 235 and a?
47
Let f be 119/35 + (-2)/5. Suppose -f = -0*j + j, 11 = a - 3*j. Let h be (1 - 6)/(a/(-6)). What is the greatest common divisor of 10 and h?
5
Let z be 344/48 + (-2)/12. Calculate the greatest common divisor of z and 133.
7
Suppose 7*l - 24 = 3*l. Let u be 7 + (-2)/(l/9). Calculate the greatest common divisor of u and 44.
4
Let x = 192 - 147. What is the greatest common factor of x and 711?
9
Suppose 0*d + 5*d - 485 = 0. Let g = d - 59. Suppose g = 6*j - 4*j. What is the greatest common factor of 133 and j?
19
Let f = 7 + -3. Suppose 97 = -4*o - 5*d + 297, -2*d + 212 = f*o. Let g(r) = -r**3 + r**2 + 11. Let c be g(0). Calculate the greatest common factor of o and c.
11
Let a(x) = -37*x**2 - 145*x - 3. Let j be a(-3). Calculate the greatest common factor of j and 44.
11
Let w be ((-40)/(-60))/((-4)/6). Let r be (18 - w) + -15 + 20. Calculate the greatest common divisor of r and 16.
8
Let i be 145*(-2 - (0 + 3)*-1). Let o = i + -57. Let m be 3*3 - (2 + -4). Calculate the greatest common factor of o and m.
11
Let r be (-2)/(2/5)*(-14)/5. Suppose 5*c - r*c = -126. Suppose -4*i + 3*i = -112. What is the greatest common divisor of i and c?
14
Let w be ((-360)/63)/(3/(-42)). What is the greatest common divisor of w and 520?
40
Let p = 94 + 113. Calculate the highest common factor of 46 and p.
23
Let z be 6/3*8/4. Suppose 4*d + p - 49 = -z*p, 5*d - 65 = -5*p. Calculate the greatest common divisor of d and 2.
2
Let f be (-30 + -3)*(-8)/(-12). Let a(b) = 16*b**3 - 2*b**2 - 3*b - 3. Let t be a(-4). Let r be 4/f + t/(-11). What is the greatest common factor of 19 and r?
19
Let u = -28 - -72. Let g(d) = -d**3 + 7*d**2 - 5*d - 5. Let h be g(5). Suppose -c - 4*c + h = 0. Calculate the highest common divisor of c and u.
4
Suppose 8 = x - 2*k, 14 = 2*x + 4*k - 9*k. Let o = -15367 - -15433. What is the greatest common factor of x and o?
6
Let j = -335 + 465. Calculate the greatest common divisor of j and 104.
26
Let w = -622 - -662. Calculate the highest common factor of 5 and w.
5
Suppose 134 = 3*r + 14. Calculate the highest common factor of r and 440.
40
Suppose 2*a + 38 - 136 = -r, -3*a + 4*r = -136. What is the highest co